Let v be (-3)/5 + 17849/d. Let k = 490 - v. What is the hundreds digit of k?
2
Let g = -2369 + 26724. What is the thousands digit of g?
4
Let b(r) = 236*r**3 + 5*r**2 - 33*r + 153. What is the thousands digit of b(6)?
1
Let u = 15 + -12. Suppose u*w - 2*j + 496 = 0, -168 = w - 3*j + j. Let p = w + 258. What is the units digit of p?
4
Suppose -224*m + 226*m = -5*p + 54166, -21670 = -2*p + m. What is the ten thousands digit of p?
1
Let d(v) = 2*v**2 - 21*v - 95. Let j(y) = -y**2 + 10*y + 48. Let l(z) = 3*d(z) + 5*j(z). Let w = -20 + 39. What is the tens digit of l(w)?
6
Suppose -87797 + 12253 = -6*y - 2*y. What is the tens digit of y?
4
Let f be 84/112*(-4)/1. Let b(h) = -176*h - 6. Let a be b(f). Suppose -2*n = n - a. What is the units digit of n?
4
Let c be (3 - 7 - (-6)/(-24))*-12. Suppose 3*l - c = -12. Suppose -l*f = 6*f - 1368. What is the units digit of f?
2
Let c = -102 - -183. Suppose 0 = 83*i - c*i - 278. What is the units digit of i?
9
Suppose 9*n = 4*n + 5, 2*v - n = -251. Let h be ((-1254)/(-12) + 6)*-2. Let q = v - h. What is the units digit of q?
6
Let k be (-16 - 90)*89/(-2). Suppose 5*m - k = -2*l, -5*l - 10 - 10 = 0. What is the hundreds digit of 13/((-65)/m)*2/(-3)?
1
What is the thousands digit of ((-153)/17)/(57/(-62149))?
9
Suppose 13*b = 2430 + 642 + 477. What is the tens digit of b?
7
Suppose x - 18 = -6*j + 11*j, 4*j + 21 = 3*x. Let k(z) = -7*z**x - 15*z**3 - 50*z + 49*z - 6. What is the units digit of k(-2)?
2
Let r = -31 - -34. Suppose 3*n = -2*b + 642, -r*b - 143 = -2*n - 1093. What is the units digit of ((-52)/8 - -7) + b/4?
0
What is the hundreds digit of ((-174888)/(-90))/(5/25)?
7
What is the ten thousands digit of 11 - (10644/(-15))/((-10)/(-425))?
3
Let h = -24322 - -43133. What is the tens digit of h?
1
Suppose -3*x - 2*x - 5*h = -45, 4*h - 12 = 0. Let y(l) = l - 12. Let q be y(x). Let g(i) = 5*i**2 + i - 19. What is the units digit of g(q)?
5
Let s be (-4 - -1)/(2 - (-308)/(-148)). Let o = 48 - s. Suppose -3*i + 21 = r + i, r = -2*i + o. What is the units digit of r?
1
Suppose 236*z = -114*z + 3187100. What is the units digit of z?
6
Suppose 4*o + 4*i = o - 2933, -4*o - 3902 = i. Let b = o - -1919. What is the units digit of b?
4
Let q(u) = -u**3 + 15*u**2 + 39*u + 25. Let x = 174 - 157. What is the units digit of q(x)?
0
Let c be 473/(-3)*678/(-226). Let u = 1 - -1. Suppose -u*x = 2*j - 182, -2*j + 91 - c = -4*x. What is the tens digit of x?
9
Let m(a) = -1642*a + 35. Let o be m(-5). What is the hundreds digit of 30/12*(o/25 - 1)?
8
Suppose 0 = -0*m + m - 4. Suppose m*v - 1 = -g, -5*v + 2*g + 0 = 15. What is the units digit of -9*(-6 - 3) + v?
0
Suppose -32*b + 225147 + 185925 = 0. What is the units digit of b?
6
Let z be 1/5 - 8/(-10). Let g be 60/(-9)*18*z. Let o = -4 - g. What is the units digit of o?
6
Let w(s) = -6*s - 5. Let a be w(0). What is the units digit of (448 - a)/(6/4)?
2
Let u = -105 - -100. Let s be 713/(-3)*-3 + u. Suppose -4*o + 7*q + s = 3*q, q = 5*o - 865. What is the hundreds digit of o?
1
Let n = 51653 - 36243. What is the units digit of n?
0
Let q be (770/(-33))/((-1)/3). Let s = 112 + q. What is the units digit of s?
2
Let z(h) = -1386*h - 1183. What is the hundreds digit of z(-3)?
9
Suppose -48*q + 1690592 + 757715 = -7373. What is the tens digit of q?
6
Let c = 51994 - 28499. What is the units digit of c?
5
Let x be (-20)/(-4)*(-374)/10*-3. Suppose x + 895 = 14*m. Suppose -2*c + m = -142. What is the tens digit of c?
2
Let l(v) = 17*v**2 + 33*v + 1575. What is the thousands digit of l(-52)?
5
Suppose 2*p + 0*p - 4*j + 18 = 0, -4*j = 3*p - 3. Let g = 1 - p. Suppose 188 = -0*t + g*t. What is the units digit of t?
7
Suppose -2 = -l - 2*r + 6*r, -5*r - 8 = -4*l. Suppose -l*f + 38 = 20. Suppose -528 = -f*t + 93. What is the tens digit of t?
6
Suppose 0 = 2*a + 5*g - 23998, 21*a - 24016 = 19*a - 2*g. What is the thousands digit of a?
2
Suppose -84*y + 88*y - l = 25953, -3*y + 4*l = -19468. What is the thousands digit of y?
6
Suppose -49*v = -48*v + 3*f - 26344, 5*f = -35. What is the units digit of v?
5
Suppose 0 = 145*n - 144*n - 1235. Suppose 18*y - n = 3769. What is the hundreds digit of y?
2
Let k be 2 + (-5 - -4) + 1. Suppose 2*g + 0*g + 806 = k*l, -4*l = 4*g - 1652. Suppose l = 7*h - 411. What is the tens digit of h?
1
Let v(b) = -205*b - 4123. What is the thousands digit of v(-77)?
1
Let f(s) = -13*s + 46. Let b be (-1512)/45 + -2*3/15. What is the tens digit of f(b)?
8
Let r = 6 + -1. Suppose 5*o = -r*q - 6 - 44, -q - 36 = 3*o. Let l = -1 - o. What is the units digit of l?
2
Let f = 1995 + -1405. Suppose 0 = 3*g + m - 772, 3*m + 166 = 3*g - f. What is the tens digit of g?
5
Let w = 15851 + -8121. What is the units digit of w?
0
Suppose -26*u + 763666 = -z - 145630, -4*z = 5*u - 174873. What is the ten thousands digit of u?
3
Let d be 16/6 - 13/(-39). Suppose -2*s + 5 = d*t - 2*t, s + 4*t = 6. Suppose 5*w = -3*y + 1013, -y + 201 = w - s*y. What is the tens digit of w?
0
Suppose 4*k - k - 54 = 0. Let u = k - 12. Suppose 172 + 86 = u*h. What is the units digit of h?
3
Let b = -13 - -14. Let l be b + -1 + (-5 + 10 - 4). What is the units digit of (1 - -17)*8/(l - -15)?
9
Let n = 10422 - 6050. Suppose y - 201 - 901 = 2*q, -4*y - 4*q = -n. What is the tens digit of y?
9
Suppose -4*d - 4*v + 12 = 0, 4*d + 4*v + 23 = 7*d. Suppose -d*y + 10 = -3*y. What is the units digit of (-2)/5 + 997/y?
9
Let m = -29 + -37. Let l = m + 366. Suppose 0 = -0*d - 5*d + l. What is the tens digit of d?
6
What is the hundreds digit of 65427 - -2*-12*6/18?
4
Suppose -6*a = -3443 - 487. Let t = 74 + a. What is the units digit of t?
9
Let b(r) = -154 + 159 + r**3 - 3*r**2 + 0*r - r. Let m be b(2). What is the units digit of m - -2 - (-4 - -3 - 1)?
3
Let x be 1/1 + (-9 - -5). Let u(s) = -2*s**3 + 3 + 0*s**3 + 2*s**2 - 1 + 4*s. What is the units digit of u(x)?
2
Suppose 0*h - 4*h + 119958 = 2*o, 5*h = 3*o + 149920. What is the ten thousands digit of h?
2
Let f = -58 - -54. Let w be 85*(f + (-8)/(-4)*1). Let t = -119 - w. What is the tens digit of t?
5
Suppose -4*l - 251 = -5*n, -2*n + 53 + 46 = -3*l. Suppose 4*d = 4, -n - 242 = -2*w - 3*d. What is the hundreds digit of w?
1
Let l(s) = -s + 36. Let p be l(7). Suppose p*y + 7176 = 41*y. What is the hundreds digit of y?
5
Let t(q) = q**3 + 11*q**2 + 11*q - 52. Let j be t(-9). Suppose -j*o + 7*o = -2*b - 8, 4*b + 1 = 3*o. What is the units digit of o?
3
Suppose -464*g + 466*g - 2*b = 31382, -47059 = -3*g - 4*b. What is the thousands digit of g?
5
Let b = -19 + -27. Let t = b + 49. What is the units digit of (1 + (-17)/t)*306/(-12)?
9
Let o = -2852 + 5119. What is the hundreds digit of o?
2
Let m(f) = f**3 + 1. Let c(u) = -4*u**3 + 11*u**2 - 16*u - 56. Let l(o) = c(o) + 5*m(o). What is the units digit of l(-5)?
9
Suppose 3*o = 9, -3*w - 2200 = -4*w - 5*o. Suppose 7*f - 6*f - w = -4*a, 5*f + 2700 = 5*a. What is the tens digit of a?
4
Let j(d) = 3*d**2 - 12 + 7*d - 3 - 18. What is the tens digit of j(-9)?
4
Let c(j) be the first derivative of 21*j**2/2 - 19*j - 6. What is the units digit of c(15)?
6
Let p(q) = 327*q**2 - 11*q - 11. Let y be p(-4). Suppose -13*k + y = 2*k. What is the hundreds digit of k?
3
What is the ten thousands digit of -1 - (4076061/(-363) - 2/11)?
1
Let i be -4 - -4 - (0 + -1). Let s(l) = 177*l**2 - l - 2. What is the hundreds digit of s(i)?
1
Suppose 3*a + 219 = -0*a. Let c be (-9)/15 + 0 + 126/(-15). Let g = c - a. What is the units digit of g?
4
Suppose -4*x = 2*w - 196, 4*w - w + 147 = 3*x. Let y = 51 - x. Suppose 1170 = 12*d - y*d. What is the tens digit of d?
1
Let y be 34*(-10)/15*33/(-2). What is the units digit of y + (1 - 2/6)*6?
8
Let y(i) = -11 - 5 + 4 + 0*i + 110*i. What is the units digit of y(4)?
8
Let i be -2*(3 - 0)/(2*-1). Suppose -2*n - 2*s = -1658, -i*n - s - 835 = -4*n. What is the hundreds digit of n?
8
Suppose 12*n - 5 = 17*n. Let u be -153 + -2 + (-1 - -4) + n. Let z = u + 302. What is the hundreds digit of z?
1
Suppose 4*h + h = 220. Let n = h + -40. Let i = n - -35. What is the units digit of i?
9
Let l = 1743 + -575. Suppose -4*j + 27 - 7 = 0. Suppose -j*v + l = 203. What is the units digit of v?
3
What is the units digit of (44936 - -168) + (-4)/((-8)/6)?
7
Let s(q) = -1009*q + 7403. What is the hundreds digit of s(